factor of 507 and 1183?
169
Calculate the greatest common factor of 10735 and 190.
95
Calculate the greatest common divisor of 330 and 4215.
15
Calculate the highest common factor of 488 and 48556.
244
Calculate the greatest common factor of 42263 and 13.
13
What is the highest common factor of 505 and 5?
5
What is the greatest common divisor of 128 and 124?
4
Calculate the greatest common factor of 17 and 25.
1
Calculate the highest common divisor of 1271 and 310.
31
Calculate the highest common factor of 1727 and 11.
11
Calculate the highest common divisor of 3064 and 16.
8
What is the greatest common factor of 9752 and 46?
46
Calculate the highest common divisor of 47 and 1363.
47
What is the highest common divisor of 702 and 3471?
39
What is the highest common divisor of 269 and 59987?
269
What is the greatest common factor of 31191 and 562?
281
Calculate the greatest common divisor of 27 and 1.
1
What is the greatest common factor of 405 and 81?
81
Calculate the highest common factor of 30 and 6.
6
Calculate the greatest common factor of 50 and 4325.
25
What is the highest common divisor of 450 and 2450?
50
Calculate the greatest common divisor of 8720 and 48.
16
What is the greatest common factor of 1778 and 350?
14
What is the greatest common factor of 15 and 20420?
5
What is the highest common factor of 45 and 10?
5
What is the greatest common divisor of 96 and 1504?
32
What is the highest common factor of 172 and 5934?
86
What is the greatest common divisor of 7831 and 191?
191
What is the highest common factor of 154 and 638?
22
Calculate the greatest common factor of 923 and 65.
13
What is the greatest common factor of 518 and 14?
14
What is the highest common factor of 100 and 150?
50
What is the greatest common factor of 11097 and 137?
137
Calculate the greatest common factor of 69 and 621.
69
Calculate the highest common factor of 4224 and 3.
3
Calculate the highest common divisor of 1888 and 6372.
236
Calculate the highest common factor of 161 and 12880.
161
What is the highest common divisor of 66 and 7?
1
What is the highest common divisor of 19164 and 84?
12
Calculate the greatest common divisor of 1269 and 3.
3
What is the highest common factor of 855 and 90?
45
What is the greatest common factor of 2035 and 99?
11
Calculate the greatest common factor of 20 and 6560.
20
What is the highest common factor of 1 and 11?
1
What is the highest common divisor of 3423 and 21?
21
Calculate the greatest common divisor of 586 and 4.
2
What is the highest common divisor of 286 and 616?
22
What is the greatest common divisor of 96 and 912?
48
What is the greatest common factor of 572 and 4576?
572
What is the greatest common factor of 19 and 5?
1
Calculate the highest common factor of 7967 and 31.
31
Calculate the highest common divisor of 45 and 15.
15
What is the highest common divisor of 291 and 9409?
97
Calculate the greatest common divisor of 13 and 56849.
13
Calculate the greatest common factor of 588 and 7.
7
What is the highest common factor of 18639 and 171?
171
What is the highest common divisor of 1256 and 8?
8
What is the highest common divisor of 63 and 36?
9
Calculate the greatest common divisor of 400 and 2128.
16
What is the highest common divisor of 19 and 1349?
19
What is the greatest common factor of 54 and 3534?
6
What is the highest common factor of 2717 and 1672?
209
Calculate the greatest common divisor of 11303 and 89.
89
What is the highest common factor of 27 and 45?
9
Calculate the highest common factor of 70 and 1450.
10
What is the highest common factor of 1210 and 198?
22
What is the greatest common factor of 28 and 4438?
14
Calculate the greatest common factor of 59 and 1121.
59
Calculate the highest common factor of 5 and 305.
5
Calculate the greatest common factor of 21462 and 73.
73
What is the highest common factor of 752 and 2820?
188
What is the greatest common factor of 280 and 595?
35
Calculate the highest common factor of 150 and 20.
10
Calculate the highest common divisor of 62 and 527.
31
What is the highest common divisor of 1344 and 252?
84
What is the greatest common factor of 31300 and 25?
25
Calculate the highest common divisor of 13134 and 198.
66
What is the greatest common factor of 43 and 9847?
43
Calculate the highest common factor of 1872 and 2256.
48
What is the greatest common divisor of 9794 and 83?
83
What is the highest common factor of 304 and 48?
16
Calculate the highest common factor of 99 and 77.
11
What is the highest common factor of 160 and 30?
10
What is the highest common factor of 80 and 12?
4
Calculate the greatest common factor of 5 and 270.
5
What is the highest common divisor of 75 and 615?
15
What is the highest common factor of 268 and 4?
4
What is the highest common factor of 399 and 84?
21
Calculate the highest common divisor of 65 and 156.
13
What is the highest common factor of 4290 and 270?
30
Calculate the highest common divisor of 610 and 1310.
10
What is the highest common divisor of 540 and 600?
60
What is the greatest common factor of 5 and 2155?
5
What is the highest common divisor of 24 and 336?
24
What is the greatest common divisor of 14 and 3094?
14
What is the greatest common factor of 8 and 536?
8
What is the highest common divisor of 16 and 44?
4
What is the highest common factor of 27294 and 6?
6
What is the highest common divisor of 36 and 414?
18
Calculate the greatest common divisor of 77 and 121.
11
Calculate the greatest common divisor of 77 and 273.
7
Calculate the greatest common divisor of 2959 and 11.
11
What is the highest common divisor of 840 and 525?
105
What is the highest common factor of 24 and 1308?
12
What is the greatest common factor of 7409 and 239?
239
Calculate the highest common factor of 516 and 20253.
129
Calculate the highest common divisor of 512 and 3328.
256
What is the greatest common divisor of 24 and 3?
3
Calculate the highest common factor of 1 and 244.
1
Calculate the greatest common factor of 186 and 6.
6
Calculate the highest common divisor of 3 and 48.
3
Calculate the greatest common factor of 37655 and 85.
85
What is the highest common divisor of 4 and 212?
4
Calculate the highest common divisor of 100 and 320.
20
Calculate the greatest common factor of 312 and 1131.
39
What is the highest common divisor of 35 and 217?
7
What is the highest common factor of 2176 and 17?
17
Calculate the highest common divisor of 776 and 40.
8
What is the highest common factor of 25970 and 265?
265
Calculate the greatest common factor of 45248 and 8.
8
What is the greatest common divisor of 216 and 60?
12
What is the greatest common factor of 7380 and 8?
4
Calculate the greatest common factor of 391 and 92.
23
Calculate the greatest common divisor of 328 and 820.
164
What is the greatest common divisor of 4000 and 32?
32
What is the highest common factor of 756 and 224?
28
What is the greatest common factor of 67 and 6499?
67
What is the greatest common factor of 30 and 24?
6
What is the highest common factor of 28 and 98?
14
What is the greatest common factor of 77 and 651?
7
Calculate the greatest common divisor of 1241 and 803.
73
What is the greatest common factor of 950 and 456?
38
Calculate the highest common divisor of 18 and 1098.
18
Calculate the greatest common divisor of 28 and 406.
14
Calculate the greatest common factor of 40528 and 272.
272
Calculate the greatest common factor of 2 and 34.
2
Calculate the greatest common factor of 144 and 135.
9
Calculate the highest common factor of 21875 and 125.
125
Calculate the highest common factor of 20 and 540.
20
What is the highest common divisor of 5 and 145?
5
What is the highest common factor of 21 and 48?
3
Calculate the highest common divisor of 1910 and 30.
10
What is the highest common factor of 452 and 8?
4
What is the highest common divisor of 4256 and 16?
16
What is the greatest common divisor of 3192 and 3?
3
Calculate the greatest common divisor of 391 and 51.
17
Calculate the highest common factor of 652 and 8.
4
What is the highest common factor of 1320 and 3720?
120
Calculate the greatest common divisor of 2336 and 2774.
146
Calculate the highest common divisor of 2 and 80.
2
What is the greatest common factor of 20 and 40?
20
What is the highest co